{"id":9992,"date":"2024-09-02T08:47:46","date_gmt":"2024-09-02T06:47:46","guid":{"rendered":"https:\/\/a8architektura.pl\/?post_type=testimonial&#038;p=9992"},"modified":"2024-09-02T08:49:38","modified_gmt":"2024-09-02T06:49:38","slug":"a392-dom-w-lomiankach-ii","status":"publish","type":"testimonial","link":"https:\/\/a8architektura.pl\/en\/referencje\/a392-dom-w-lomiankach-ii","title":{"rendered":"A392 Dom w \u0141omiankach II"},"content":{"rendered":"\n<p>A8 to profesjonali\u015bci przez du\u017ce P. Wsp\u00f3\u0142praca na etapie projektu to czysta przyjemno\u015b\u0107. Pan Piotr cierpliwie s\u0142ucha klienta, doradza, dba o szczeg\u00f3\u0142y. A8 realizuj\u0105 zaplanowane prace zgodnie z za\u0142o\u017conym harmonogramem. <strong>Projekt, kt\u00f3ry otrzymali\u015bmy spod ich skrzyde\u0142 spe\u0142nia\u0142 absolutnie wszystkie nasze wymagania i by\u0142 doskonale dopasowany do lokalnego MPZP. Otrzymali\u015bmy zgod\u0119 na budow\u0119 w tempie ekspresowym.<\/strong> A8 wspiera\u0142o nas na ka\u017cdym kroku i rzetelnie uzupe\u0142nili dokumenty na potrzeby Starostwa &#8211; wystarczy\u0142 tylko jeden obieg dokument\u00f3w (pyta\u0144 i odpowiedzi).<br \/>Na koniec dodam, \u017ce <strong>A8 Architektura to taka ostoja w ferworze budowy domu<\/strong> &#8211; zawsze mo\u017cna do nich wr\u00f3ci\u0107, ch\u0119tnie odpowiadaj\u0105 na dodatkowe pytania inwestora, kierownika budowy lub poszczeg\u00f3lnych wykonawc\u00f3w. <strong>Zawsze profesjonalnie, cierpliwie i spokojnie. A ten spok\u00f3j podczas budowania jest na wag\u0119 z\u0142ota.<\/strong><\/p>\n\n\n\n<p>Panie Piotrze i ca\u0142y zespole A8 (m.in. Jacek, Beata, Martyna) &#8211; dzi\u0119kujemy!!! I serdecznie Was polecamy znajomym i nieznajomym. Wioletta i Wojciech Ferenc<\/p>\n","protected":false},"featured_media":0,"template":"","class_list":["post-9992","testimonial","type-testimonial","status-publish","hentry"],"acf":[],"_links":{"self":[{"href":"https:\/\/a8architektura.pl\/en\/wp-json\/wp\/v2\/testimonial\/9992","targetHints":{"allow":["GET"]}}],"collection":[{"href":"https:\/\/a8architektura.pl\/en\/wp-json\/wp\/v2\/testimonial"}],"about":[{"href":"https:\/\/a8architektura.pl\/en\/wp-json\/wp\/v2\/types\/testimonial"}],"version-history":[{"count":6,"href":"https:\/\/a8architektura.pl\/en\/wp-json\/wp\/v2\/testimonial\/9992\/revisions"}],"predecessor-version":[{"id":10000,"href":"https:\/\/a8architektura.pl\/en\/wp-json\/wp\/v2\/testimonial\/9992\/revisions\/10000"}],"wp:attachment":[{"href":"https:\/\/a8architektura.pl\/en\/wp-json\/wp\/v2\/media?parent=9992"}],"curies":[{"name":"wp","href":"https:\/\/api.w.org\/{rel}","templated":true}]}}

A392 Dom w Łomiankach II

<p>A8 to profesjonaliści przez duże P. Współpraca na etapie projektu to czysta przyjemność. Pan Piotr cierpliwie słucha klienta, doradza, dba o szczegóły. A8 realizują zaplanowane prace zgodnie z założonym harmonogramem. <strong>Projekt, który otrzymaliśmy spod ich skrzydeł spełniał absolutnie wszystkie nasze wymagania i był doskonale dopasowany do lokalnego MPZP. Otrzymaliśmy zgodę na budowę w tempie ekspresowym.</strong> A8 wspierało nas na każdym kroku i rzetelnie uzupełnili dokumenty na potrzeby Starostwa &#8211; wystarczył tylko jeden obieg dokumentów (pytań i odpowiedzi).<br />Na koniec dodam, że <strong>A8 Architektura to taka ostoja w ferworze budowy domu</strong> &#8211; zawsze można do nich wrócić, chętnie odpowiadają na dodatkowe pytania inwestora, kierownika budowy lub poszczególnych wykonawców. <strong>Zawsze profesjonalnie, cierpliwie i spokojnie. A ten spokój podczas budowania jest na wagę złota.</strong></p>



<p>Panie Piotrze i cały zespole A8 (m.in. Jacek, Beata, Martyna) &#8211; dziękujemy!!! I serdecznie Was polecamy znajomym i nieznajomym. Wioletta i Wojciech Ferenc</p>
