{"id":5637,"date":"2022-09-15T10:31:30","date_gmt":"2022-09-15T08:31:30","guid":{"rendered":"https:\/\/a8architektura.pl\/?post_type=testimonial&#038;p=5637"},"modified":"2022-09-15T10:31:31","modified_gmt":"2022-09-15T08:31:31","slug":"dom-w-markach","status":"publish","type":"testimonial","link":"https:\/\/a8architektura.pl\/en\/referencje\/dom-w-markach","title":{"rendered":"Dom w Markach"},"content":{"rendered":"\n<p>Dla A8 faktycznie nie ma ogranicze\u0144, dzi\u0119ki wiedzy i pomys\u0142owo\u015bci zyskali\u015bmy dodatkow\u0105 przestrze\u0144 na ogr\u00f3d oraz oryginaln\u0105 bry\u0142\u0119 budynku, kt\u00f3ra wszystkich zachwyca.<\/p>\n\n\n\n<p>Jeste\u015bmy bardzo zadowoleni z efekt\u00f3w wsp\u00f3\u0142pracy z Panem Piotrem i jego zespo\u0142em.<\/p>\n","protected":false},"featured_media":0,"template":"","class_list":["post-5637","testimonial","type-testimonial","status-publish","hentry"],"acf":[],"_links":{"self":[{"href":"https:\/\/a8architektura.pl\/en\/wp-json\/wp\/v2\/testimonial\/5637","targetHints":{"allow":["GET"]}}],"collection":[{"href":"https:\/\/a8architektura.pl\/en\/wp-json\/wp\/v2\/testimonial"}],"about":[{"href":"https:\/\/a8architektura.pl\/en\/wp-json\/wp\/v2\/types\/testimonial"}],"version-history":[{"count":3,"href":"https:\/\/a8architektura.pl\/en\/wp-json\/wp\/v2\/testimonial\/5637\/revisions"}],"predecessor-version":[{"id":5640,"href":"https:\/\/a8architektura.pl\/en\/wp-json\/wp\/v2\/testimonial\/5637\/revisions\/5640"}],"wp:attachment":[{"href":"https:\/\/a8architektura.pl\/en\/wp-json\/wp\/v2\/media?parent=5637"}],"curies":[{"name":"wp","href":"https:\/\/api.w.org\/{rel}","templated":true}]}}

<p>Dla A8 faktycznie nie ma ograniczeń, dzięki wiedzy i pomysłowości zyskaliśmy dodatkową przestrzeń na ogród oraz oryginalną bryłę budynku, która wszystkich zachwyca.</p>



<p>Jesteśmy bardzo zadowoleni z efektów współpracy z Panem Piotrem i jego zespołem.</p>
