{"id":5621,"date":"2022-09-06T09:04:29","date_gmt":"2022-09-06T07:04:29","guid":{"rendered":"https:\/\/a8architektura.pl\/?post_type=testimonial&#038;p=5621"},"modified":"2022-09-06T09:04:29","modified_gmt":"2022-09-06T07:04:29","slug":"a227-domy-przy-ul-pasterskiej","status":"publish","type":"testimonial","link":"https:\/\/a8architektura.pl\/en\/referencje\/a227-domy-przy-ul-pasterskiej","title":{"rendered":"A227 Domy przy ul. Pasterskiej"},"content":{"rendered":"\n<p>Na pocz\u0105tku 2013 roku zlecili\u015bmy Pracowni A8 architekta Piotra Lewandowskiego zaprojektowanie nowego przedsi\u0119wzi\u0119cia deweloperskiego, budowy dw\u00f3ch budynk\u00f3w jednorodzinnych po\u0142o\u017conych przy ulicy Pasterskiej 11 A i B w Warszawie (M\u0142ociny). To drugie zadanie, kt\u00f3rego zaprojektowanie zlecili\u015bmy w\u00f3wczas tej Pracowni. Nam, a p\u00f3\u017aniej naszym klientom, bardzo spodoba\u0142a si\u0119 nowatorska bry\u0142a budynk\u00f3w i rzadko w\u00f3wczas jeszcze stosowana estetyka ca\u0142o\u015bci, kt\u00f3ra p\u00f3\u017aniej znalaz\u0142a wielu na\u015bladowc\u00f3w.<\/p>\n\n\n\n<p>Jako deweloper cenimy sobie dobr\u0105 wsp\u00f3\u0142prac\u0119, tj. satysfakcjonuj\u0105cy nas czas przygotowania projektu i uzyskania pozwolenia na budow\u0119 oraz wsp\u00f3\u0142prac\u0119 podczas realizacji. Pozwoli\u0142o to nam w ci\u0105gu 14 miesi\u0119cy od rozpocz\u0119cia budowy (maj 2013 roku) na jej zako\u0144czenie. \u00a0\u00a0<\/p>\n","protected":false},"featured_media":0,"template":"","class_list":["post-5621","testimonial","type-testimonial","status-publish","hentry"],"acf":[],"_links":{"self":[{"href":"https:\/\/a8architektura.pl\/en\/wp-json\/wp\/v2\/testimonial\/5621","targetHints":{"allow":["GET"]}}],"collection":[{"href":"https:\/\/a8architektura.pl\/en\/wp-json\/wp\/v2\/testimonial"}],"about":[{"href":"https:\/\/a8architektura.pl\/en\/wp-json\/wp\/v2\/types\/testimonial"}],"version-history":[{"count":3,"href":"https:\/\/a8architektura.pl\/en\/wp-json\/wp\/v2\/testimonial\/5621\/revisions"}],"predecessor-version":[{"id":5624,"href":"https:\/\/a8architektura.pl\/en\/wp-json\/wp\/v2\/testimonial\/5621\/revisions\/5624"}],"wp:attachment":[{"href":"https:\/\/a8architektura.pl\/en\/wp-json\/wp\/v2\/media?parent=5621"}],"curies":[{"name":"wp","href":"https:\/\/api.w.org\/{rel}","templated":true}]}}

<p>Na początku 2013 roku zleciliśmy Pracowni A8 architekta Piotra Lewandowskiego zaprojektowanie nowego przedsięwzięcia deweloperskiego, budowy dwóch budynków jednorodzinnych położonych przy ulicy Pasterskiej 11 A i B w Warszawie (Młociny). To drugie zadanie, którego zaprojektowanie zleciliśmy wówczas tej Pracowni. Nam, a później naszym klientom, bardzo spodobała się nowatorska bryła budynków i rzadko wówczas jeszcze stosowana estetyka całości, która później znalazła wielu naśladowców.</p>



<p>Jako deweloper cenimy sobie dobrą współpracę, tj. satysfakcjonujący nas czas przygotowania projektu i uzyskania pozwolenia na budowę oraz współpracę podczas realizacji. Pozwoliło to nam w ciągu 14 miesięcy od rozpoczęcia budowy (maj 2013 roku) na jej zakończenie.   </p>
