{"id":5571,"date":"2022-08-11T16:37:56","date_gmt":"2022-08-11T14:37:56","guid":{"rendered":"https:\/\/a8architektura.pl\/?post_type=testimonial&#038;p=5571"},"modified":"2022-08-11T16:37:57","modified_gmt":"2022-08-11T14:37:57","slug":"mieszkanie-na-warszawskim-natolinie","status":"publish","type":"testimonial","link":"https:\/\/a8architektura.pl\/en\/referencje\/mieszkanie-na-warszawskim-natolinie","title":{"rendered":"Mieszkanie na warszawskim Natolinie"},"content":{"rendered":"\n<p>Pozna\u0142em Piotra 16 lat temu, kiedy rozpoczyna\u0142 swoj\u0105 profesjonaln\u0105 karier\u0119. Wtedy dzi\u0119ki jego zaanga\u017cowaniu, pasji, wiedzy i rzetelno\u015bci powsta\u0142 projekt mojego pierwszego mieszkania, kt\u00f3re mimo up\u0142ywu lat ca\u0142y czas podoba si\u0119 nie tylko mi. Te dobre do\u015bwiadczenia sprawi\u0142y, \u017ce przy zakupie nowego lokum, kt\u00f3re mia\u0142o wiele wyzwa\u0144, postanowi\u0142em odnale\u017a\u0107 kontakt do Piotra o i porozmawia\u0107 z nim o tym projekcie. Wtedy, lata temu, rozmawiali\u015bmy o projekcie w moim wynajmowanym mieszkaniu, teraz ku mojej rado\u015bci Piotr rozwin\u0105\u0142 skrzyd\u0142a i trafi\u0142em do jego pracowni A8 Architektura. Tym razem nad moim projektem pracowa\u0142 ju\u017c zesp\u00f3\u0142 profesjonalist\u00f3w pod przewodnictwem Piotra i p. Agaty, kt\u00f3ra by\u0142a odpowiedzialna za aran\u017cacj\u0119 wn\u0119trz. Pocz\u0105tki nie by\u0142y \u0142atwe ale cierpliwo\u015b\u0107, kreatywno\u015b\u0107 zespo\u0142u i zaanga\u017cowanie pozwoli\u0142y na terminowe uko\u0144czenie prac, kt\u00f3rych efekt bardzo mi\u0142o nas zaskoczy\u0142. Je\u015bli jeste\u015b wymagaj\u0105cy, masz projekt prosty czy te\u017c wymagaj\u0105cy wyzwa\u0144, to architekta Piotra Lewandowskiego i jego pracowni\u0119 A8 Architektura mog\u0119 poleci\u0107 z czystym sumieniem.<\/p>\n","protected":false},"featured_media":0,"template":"","class_list":["post-5571","testimonial","type-testimonial","status-publish","hentry"],"acf":[],"_links":{"self":[{"href":"https:\/\/a8architektura.pl\/en\/wp-json\/wp\/v2\/testimonial\/5571","targetHints":{"allow":["GET"]}}],"collection":[{"href":"https:\/\/a8architektura.pl\/en\/wp-json\/wp\/v2\/testimonial"}],"about":[{"href":"https:\/\/a8architektura.pl\/en\/wp-json\/wp\/v2\/types\/testimonial"}],"version-history":[{"count":3,"href":"https:\/\/a8architektura.pl\/en\/wp-json\/wp\/v2\/testimonial\/5571\/revisions"}],"predecessor-version":[{"id":5574,"href":"https:\/\/a8architektura.pl\/en\/wp-json\/wp\/v2\/testimonial\/5571\/revisions\/5574"}],"wp:attachment":[{"href":"https:\/\/a8architektura.pl\/en\/wp-json\/wp\/v2\/media?parent=5571"}],"curies":[{"name":"wp","href":"https:\/\/api.w.org\/{rel}","templated":true}]}}

<p>Poznałem Piotra 16 lat temu, kiedy rozpoczynał swoją profesjonalną karierę. Wtedy dzięki jego zaangażowaniu, pasji, wiedzy i rzetelności powstał projekt mojego pierwszego mieszkania, które mimo upływu lat cały czas podoba się nie tylko mi. Te dobre doświadczenia sprawiły, że przy zakupie nowego lokum, które miało wiele wyzwań, postanowiłem odnaleźć kontakt do Piotra o i porozmawiać z nim o tym projekcie. Wtedy, lata temu, rozmawialiśmy o projekcie w moim wynajmowanym mieszkaniu, teraz ku mojej radości Piotr rozwinął skrzydła i trafiłem do jego pracowni A8 Architektura. Tym razem nad moim projektem pracował już zespół profesjonalistów pod przewodnictwem Piotra i p. Agaty, która była odpowiedzialna za aranżację wnętrz. Początki nie były łatwe ale cierpliwość, kreatywność zespołu i zaangażowanie pozwoliły na terminowe ukończenie prac, których efekt bardzo miło nas zaskoczył. Jeśli jesteś wymagający, masz projekt prosty czy też wymagający wyzwań, to architekta Piotra Lewandowskiego i jego pracownię A8 Architektura mogę polecić z czystym sumieniem.</p>
